late the remainder when l(18) is divided by 15.
14
Suppose -14*i = -15*i + 4. Suppose 49 = 2*h - 6*j + 9*j, h - i*j = -3. Let v(m) = -m**3 - 2*m - 6. What is the remainder when v(-4) is divided by h?
15
Let y = -1647 + 1144. Let h = -279 - y. Calculate the remainder when h is divided by 45.
44
Let y(x) = -2*x - 3. Let b be 1/3*1*330/(-10). What is the remainder when (b + 11 - -10) + (-2)/2 is divided by y(-4)?
4
Let k be (-1)/((3/(-1))/135). Suppose -2*l - 48 = -a, -5*a + 4*l + 213 = -k. Suppose 4*v = 19 + 41. Calculate the remainder when a is divided by v.
9
Suppose -85*z + 2590 + 986 = -1694. What is the remainder when 920 is divided by z?
52
Suppose 5*x - 145 = -b, 0*x + 4*x + b - 117 = 0. Suppose 2*q + 0 = 2, 5*q - 221 = -3*c. What is the remainder when c is divided by x?
16
Suppose -5*y + 35 = 9*f - 13*f, 0 = -3*y + 5*f + 34. Suppose -3*r + 4*c - 28 + 71 = 0, y*r - 40 = c. Calculate the remainder when 257 is divided by r.
10
Suppose 0 = -42*d - 14657 - 5545. Let u = 503 + d. Calculate the remainder when u is divided by 11.
0
Let v(n) = -8*n - 11. Calculate the remainder when v(-13) is divided by (-78873)/(-1647) + 1/9.
45
Suppose -5016 = 10*t - 11*t + s, -4*s + 25071 = 5*t. What is the remainder when t is divided by 26?
23
Let l = 6158 - 6137. What is the remainder when 243 is divided by l?
12
Let v(y) = -130 + 3*y + 342 + 7*y - 133. What is the remainder when 359 is divided by v(-7)?
8
Let l = 155 - 159. Let g(t) = -t**3 - 3*t**2 - t - 3. What is the remainder when 215 is divided by g(l)?
11
Let y(k) = -2*k**3 - 15*k**2 - 17*k - 26. Let f = 12 - 0. Calculate the remainder when y(-7) is divided by f.
8
Let k = -14670 + 14648. Let h(y) = -3*y - 12 - 2*y**3 - 2*y**3 + 3*y**3 - 22*y**2. What is the remainder when h(k) is divided by 14?
12
Suppose z + 507 = 3*d + d, 0 = 5*z - 4*d + 2503. Let w = z + 698. Calculate the remainder when w is divided by 67.
65
Let v = -551 - -300. What is the remainder when 742 is divided by v/(-4) - (5 - (-34)/(-8))?
60
Suppose 70*h = 70 + 140. What is the remainder when 17 is divided by h?
2
Let p(s) = -2*s**3 + 84*s**2 - 67*s + 64. What is the remainder when p(41) is divided by 40?
39
Suppose -24*m + 48 = -16*m. Calculate the remainder when 4 - (3924/(-3))/m is divided by 28.
26
Let m(a) = -62 - 71 - a - 6*a + 195 - a**2. Let r(b) = b**2 + 7*b + 4. Calculate the remainder when r(-10) is divided by m(4).
16
Let k(o) = 4*o**2 - 5*o + 4. Let a be (-3)/((-27)/(-52)) - (-2)/(-9). What is the remainder when k(a) is divided by 20?
18
Suppose -n + 123 = z, -3*z + 4*n - 6*n + 373 = 0. Let x = -29 - -55. Calculate the remainder when z is divided by x.
23
Suppose -5*z + 285 = 5*n, 202 = 5*z + 2*n - 98. What is the remainder when 1672 is divided by z?
60
Let b(y) = -2*y + 41. Let z be b(20). Let k = 13 + z. Suppose 3*t + u - 8 = 105, -2*u = 3*t - 115. Calculate the remainder when t is divided by k.
9
Let a(y) be the first derivative of 14*y**2 - 16*y - 177. Calculate the remainder when 21 is divided by a(1).
9
Suppose 0 = 3*i + u - 30 + 5, -4*i - u = -32. Let r(t) = -2*t - 43. Calculate the remainder when r(-28) is divided by i.
6
Let a = -30 + 92. Suppose 0 = 4*j + 50 - a. Calculate the remainder when 93 is divided by 12*(-20)/(-15) + 0 + j.
17
Let k(b) be the third derivative of b**5/60 + 7*b**4/12 + 95*b**3/6 + 136*b**2. Calculate the remainder when 91 is divided by k(-6).
44
Let t(g) = 19*g - 11. Let j = 60 - 30. Suppose 10*k = 7*k + j. What is the remainder when t(2) is divided by k?
7
Let c(h) = 168*h + 3227. Let q(z) = -z**2 - 2*z + 103. What is the remainder when q(0) is divided by c(-19)?
33
Let t = 72 + -11. Suppose 4 + t = 5*p. Calculate the remainder when p is divided by 4.
1
Suppose 18836 = 4*o - 4*w, 4*w - 70087 = -12*o - 13451. Calculate the remainder when o is divided by 28.
13
Suppose 5*j - 30 = -0. Calculate the remainder when -176*(3/j)/(1/(-1)) is divided by 18.
16
Suppose 683 = 170*m - 3737. Let j = 191 + -120. What is the remainder when j is divided by m?
19
Let c = -26877 + 27009. Calculate the remainder when 4221 is divided by c.
129
Let k(d) = -d**2 - 18*d + 66. Let t be k(-20). Suppose t*l - 29*l + 72 = 0. Calculate the remainder when 78 is divided by l.
6
Let w(z) = z**2 - 20*z - 11. Suppose 5*o = -y + 4*y + 117, -3*o = -5*y - 83. Let i be w(o). Calculate the remainder when (12/10)/(3/i) is divided by 3.
1
Let v = 1304 - 1258. Calculate the remainder when 1195 is divided by v.
45
Suppose -2*n + 7 = 1, 2*f - 4*n - 48 = 0. Suppose -3*c = -c - f. Calculate the remainder when 158/3 + 184/(-276) is divided by c.
7
Suppose 3*j + 25 = 4*b - 46, 2*b + 3*j = 31. Let v(a) = -7*a + 42. Let x be v(6). Suppose 26*m - 47*m + 3150 = x. What is the remainder when m is divided by b?
14
Let s = 188 + -179. Let r(k) = 16*k. What is the remainder when r(s) is divided by (-259)/(-9) - 14/(-63)?
28
Suppose -210*a = -203*a + 1442. Let n = a - -218. Calculate the remainder when n is divided by 7.
5
Let b = 29841 - 29613. Calculate the remainder when b is divided by 52.
20
Let o(d) = 47*d + 846. What is the remainder when 387 is divided by o(-14)?
11
Suppose p = 5*f - 131, -123*f - 123 = -128*f + 3*p. Calculate the remainder when f is divided by 12.
3
Suppose -k + 0*k = 82. Let c = k - -100. What is the remainder when 321 is divided by c?
15
Calculate the remainder when 1425 is divided by 248/7 - ((-6)/42)/(1/(-3)).
25
Suppose -2*m + 2*a + 62 = 0, 10*m - a + 149 = 14*m. What is the remainder when m is divided by (-4)/8*(-5 + -11)?
4
Let u = 500 + -1024. Let z be 34/187 + u/(-22). Suppose z = 2*y - d, 0 = -2*y - 3*y - d + 67. What is the remainder when 34 is divided by y?
8
Let l(k) = -3*k**2 + 66 - 55 + 14*k + 0*k. Let g(y) = 4*y**2 - 13*y - 12. Let p(c) = -4*g(c) - 5*l(c). Calculate the remainder when p(-15) is divided by 7.
3
Let o be (-791)/(-8) - 2/(-16). Suppose o = 26*j - 23*j. Suppose x = -2*x + 36. What is the remainder when j is divided by x?
9
Let p = 19953 + -19891. What is the remainder when p is divided by 2/(-4) - (-11)/2?
2
Let t(v) = 88*v - 72. Let l be t(4). Let s = 360 - l. Calculate the remainder when 638 is divided by s.
78
Let n(l) = -55*l + 63. Suppose 3*i - 3*v - 48 = 0, 0*i - v - 64 = -4*i. What is the remainder when n(-9) is divided by i?
14
Suppose -122 = -5*r + 2*d + 242, -3*r - 4*d = -208. Suppose 7*z - 159 = 107. What is the remainder when (-1659)/(-11) + r/396 is divided by z?
37
Suppose f = q + 121, -q - 494 = -4*f + q. Suppose 3*x - f = 111. Calculate the remainder when 49 is divided by (-2)/(-3) + x/3.
22
Suppose -6 = 3*l - 30, -2*k - 4*l + 480 = 0. What is the remainder when k is divided by 21?
14
Suppose 0 = -41*j + 122*j - 2754. Let i = 35 + -28. What is the remainder when j is divided by i?
6
Let o(g) = 6*g**2 - 6*g - 10. What is the remainder when o(7) is divided by (3/4)/(15/1240)?
56
Let o(h) = 17*h - 161. Let a be o(10). Calculate the remainder when a/2*(-7592)/(-156) is divided by 37.
34
Let k(l) = l**2 + 2*l + 11. Suppose 21*j + 130 = -5*j. What is the remainder when k(j) is divided by 2?
0
Let h(c) = -12*c**2 + 5*c**2 + 10 + 11*c + 18*c**2 + 5*c**2. Calculate the remainder when 72 is divided by h(-1).
12
Suppose -5*o + 8703 = 3*v, -2*o + 2941 = v - 7*o. Calculate the remainder when v is divided by 108.
103
Let c = 11 - 9. Let h(m) = -2*m - 35 - m**3 + 0 - 14*m**c - m. What is the remainder when 19 is divided by h(-14)?
5
Suppose 4*g = -u - 39 + 29, -3*u + 34 = -4*g. Calculate the remainder when 154 is divided by u.
4
Suppose 3*t - 648 = -2*f, 2*t + f - 413 = 6*f. Let p = t + -206. What is the remainder when 29 is divided by p?
5
Suppose 109*t - 105*t + 8 = 0, -t = 3*p - 28. What is the remainder when 273 is divided by p?
3
Let j be 14/(-10) + 2 + (-494)/65. Let b(o) = -6*o - 25. Let z be b(j). Suppose z = 5*v + 2. Calculate the remainder when 10 is divided by v.
1
Suppose -2*u = 6 - 42. Calculate the remainder when 3004 is divided by u.
16
Suppose -3*l + 144 + 3 = 0. Suppose -l - 71 = -8*h. Calculate the remainder when (50/(-14))/(7/(-49)) is divided by h.
10
Calculate the remainder when 501 is divided by 0 + 0 - -3 - (7 - (-88)/(-8)).
4
What is the remainder when 701 is divided by 37 + 192 - (-3)/((-6)/(-4))?
8
Let a = -407 - -427. Suppose a = -12*f + 16*f. What is the re